d by 49.
10
Suppose 18*w - 25*w + 112 = 0. Calculate the remainder when 462 is divided by w.
14
Suppose 4*m - 8 = -4, 0 = 3*o - 5*m - 172. Suppose -7*z = -o - 249. What is the remainder when z is divided by 12?
8
Suppose -3*w + 138 - 7 = q, 5*q - 600 = -4*w. What is the remainder when q is divided by 35?
11
Let j(m) = -6*m**2 + 2*m - 1. Let n be j(1). Let o be n*(-1)/(-2)*-2. Suppose 3 = z - o. Calculate the remainder when 29 is divided by z.
5
Suppose -58 = -3*b - 2*x, -22*x + 24 = b - 26*x. Suppose 0 = -3*l - 23 - 10. Let j = b + l. What is the remainder when j is divided by 4?
1
Let o(g) = 3 - 1 + 1 + g**2. Suppose -19*u + 803 = -8*u. Calculate the remainder when u is divided by o(-4).
16
Let d be 14/(-7) + (-4)/(-2). Suppose -5*z = 2*r - 95, d = r - z - 44 + 7. Calculate the remainder when r is divided by 14.
12
Let t(d) = 4*d**2 + 10*d - 22. Calculate the remainder when t(5) is divided by 11.
7
Calculate the remainder when 126 is divided by (-6)/(-7) - (-3934)/98.
3
Let m be ((-3)/((-12)/56))/(-1). What is the remainder when ((-4)/3)/(m/1911) is divided by 46?
44
Suppose -z + 12 = -5*g - 2*z, 2*g - 5*z - 6 = 0. Let k = 2 - 3. What is the remainder when 24 is divided by k + (g - 36/(-3))?
6
Let r = 326 + -120. What is the remainder when r is divided by 52?
50
What is the remainder when 389 is divided by 3/(-9) - 1470/(-63)?
21
Suppose -4*m = 129 - 489. Calculate the remainder when (64/80)/(2/m) is divided by -2 - (-20 + 2 + -3).
17
Let k(c) be the second derivative of c**5/20 - 5*c**4/12 - 3*c**3/2 - c**2 - 8*c. What is the remainder when k(7) is divided by 7?
5
Let a = -54 + 58. Suppose -a*i + 30 = i. Let f = 5 + -2. What is the remainder when i is divided by f?
0
Suppose 5*h - b = 12, b = -3*h + 6 - 2. Suppose 0 = -h*u - 3*u + 65. Calculate the remainder when 46*(3/(-6) - -1) is divided by u.
10
Let j(g) = -g**3 - 5*g**2 - 2*g + 2. Suppose -4*r = -v - 131, -2*v + 0*v = 4*r - 122. Calculate the remainder when j(-5) is divided by (8/r)/(1/20).
2
Let q = -40 + 12. Let n = 12 - q. What is the remainder when 79 is divided by n?
39
Let d be (4 - 9)/((-1)/(-7)). Let g = -18 - d. Suppose -3*i - g = -4*i. What is the remainder when i is divided by 5?
2
Let h(v) = 24*v - 1. Suppose -37*p + 78*p = 2747. What is the remainder when p is divided by h(1)?
21
Let x be (4/(-8) + 3/(-6))*9. Suppose p = -2*p + 54. Let m = x + p. What is the remainder when 43 is divided by m?
7
Suppose 0 = 6*h - 170 + 38. What is the remainder when h is divided by 9/(2/4*3)?
4
Let x(f) = f**2 - 8*f - 92. Calculate the remainder when 63 is divided by x(-7).
11
Calculate the remainder when 72 is divided by (-73)/(-15) - 54/(-405).
2
Let d be -5 - (-2 - (0 + -1)/1). Let a(o) = -o - 5. Let h be a(-6). What is the remainder when 25 is divided by (56/d + h)*-1?
12
Calculate the remainder when 217 is divided by (-1860)/(-58) + 4/(-58).
25
Let v(x) = 21*x**3 + x**2 - 1. Let a be v(-2). Calculate the remainder when 28 is divided by 2/(-4) + a/(-10).
12
Let k = -1415 + 1492. What is the remainder when 126 is divided by k?
49
Suppose 3*o - 23 = -g + 5*o, 5*g + 3*o - 115 = 0. Let i = 1883 - 1871. Calculate the remainder when g is divided by i.
11
Suppose 0*r - r - 19 = 0. Let c = 25 + r. Calculate the remainder when 34 is divided by c.
4
Suppose 4*g - 13*s + 10*s = 244, 3*s = 0. Calculate the remainder when g is divided by 21.
19
Let g be (5 - 8)/(1/(-4)). What is the remainder when -18*4/g*-4 is divided by 13?
11
Let u(r) = 53*r + 23. Let i be u(5). Suppose -n + 2*n - 44 = 3*o, 2*o = -5*n + i. What is the remainder when n is divided by 10?
6
Let t = 25 + -18. Suppose 3*n + 448 = t*n. What is the remainder when 31 is divided by (n/35)/(1/5)?
15
Let b = 3 + -1. Suppose 8 = 5*y - p - b, 5*y = -p + 10. Suppose y*f = -f + 36. Calculate the remainder when 35 is divided by f.
11
Let o(v) = -2*v**3 + v**2 + 10*v + 9. What is the remainder when 386 is divided by o(-2)?
8
Suppose -5*k + 115 = 5*i, -97*i - 29 = -k - 101*i. Calculate the remainder when 80 is divided by k.
17
Let g(m) = -m**3 + 8*m**2 + 8*m + 13. Let i be g(9). Suppose 0 = -i*a + 6*a - 10. What is the remainder when (-3 + (3 - 2))*-9 is divided by a?
3
Let o be -10 + 10 + 1 + 3. Calculate the remainder when 148 is divided by (-1)/(-3*o/(-24)) + 27.
23
What is the remainder when (-276)/(-36) - (1 + 2/(-6)) is divided by (-1 - -3 - -1) + 2?
2
Suppose 32 = -4*f + 6*f. Let a(b) = -2*b**3 - 2*b**2 - 3*b + 2. What is the remainder when a(-3) is divided by f?
15
Let z = 65 - 28. Let l(n) = n**2 - 5*n - 1. Let c be l(6). What is the remainder when z is divided by (2/c)/(19/475)?
7
Let x = -604 + 863. Calculate the remainder when x is divided by 52.
51
Let r(y) = 8*y**3 + 3*y**2 + 3*y - 8. Let n be r(2). Let f = n + -37. Calculate the remainder when f is divided by 10.
7
Let n = -59 + 54. Calculate the remainder when 3 - (-25 + (n - (2 + -5))) is divided by 11.
8
Suppose -49 + 127 = 2*d. What is the remainder when 53 is divided by d?
14
Suppose 0 = -29*r - 217 + 2131. Calculate the remainder when r is divided by 36.
30
Let x(y) = 4*y + y**2 - 4*y - 3 - 2*y + 0*y. Let p be x(-2). What is the remainder when p/(-2)*(-282)/15 is divided by 16?
15
Let j(i) = i**2 + 8*i - 4. Suppose -4*n + 5*n = s - 32, -3*n + 152 = 5*s. Calculate the remainder when j(5) is divided by s.
30
Suppose r - 14*b - 12 = -15*b, 3*b - 12 = -r. Calculate the remainder when 705 is divided by r.
9
Let r(i) = -2*i**3 - 60*i**2 - 64*i - 43. What is the remainder when r(-29) is divided by 17?
12
Let d(z) = z**2 - 34. Let a(j) = 59 + j**2 - 3*j + 5*j + j - 4*j. Calculate the remainder when a(0) is divided by d(-7).
14
Let q be 318/27 + -2*1/(-9). What is the remainder when 22 is divided by 119/(-35) + (-4)/(-10) + q?
4
Let j = -18 + 81. What is the remainder when 309 is divided by j?
57
Let t(p) = -3*p + 4. Let n(y) = 2*y + 7. Let h = 9 + -14. Let x be n(h). What is the remainder when t(x) is divided by 8?
5
Suppose 66 = 70*m - 64*m. What is the remainder when 186 is divided by m?
10
Let l = -1506 - -1512. Calculate the remainder when ((-2)/4)/((-1)/14) is divided by l.
1
Let d(b) = -40*b + 903. What is the remainder when 126 is divided by d(22)?
11
Calculate the remainder when 479 is divided by (-760 - 8)/8*-1.
95
Let x(f) = -5*f**3 - 6*f**2 - 7*f - 8. Calculate the remainder when x(-4) is divided by 78.
10
Let f = -103 + 113. Suppose -5*a + 2 + 3 = 0. Calculate the remainder when -1 + 19 - (0 + a) is divided by f.
7
Let u(j) = -3*j**2 - j + 1. Let n be u(1). Let s be -27*(-5 - -3 - n). Calculate the remainder when 10 is divided by ((-32)/(-24))/((-12)/s).
1
What is the remainder when 197 is divided by (7735/(-15))/(-13) + 2/6?
37
Let c(v) = -18*v. Let x = -865 + 900. Calculate the remainder when x is divided by c(-1).
17
Suppose 76 = 2*q + 5*z, 5*q - 190 = -2*z + 6*z. Let f(b) = -b**2 - 10*b - 1. What is the remainder when q is divided by f(-9)?
6
Suppose k - 137 = -5*i, i - 20 = -4*i. What is the remainder when 333 is divided by k?
99
Let k(z) = 67*z + 143. Calculate the remainder when k(6) is divided by 39.
38
Suppose 78*b - 1844 - 12664 = 0. What is the remainder when b is divided by 36?
6
Suppose t - 42 = -0*t - 4*k, 87 = 2*t + 5*k. Calculate the remainder when t is divided by 3.
1
Let a(d) = -d**3 + 7*d**2 - 5*d - 10. Let v be a(6). What is the remainder when 1/(2/4) + 76 is divided by v + 23 + 1 + 0?
18
Let i(y) = 6*y**2 + 32*y + 9. Calculate the remainder when 261 is divided by i(-6).
30
Suppose 456 = 17*o - 156. Calculate the remainder when 43 is divided by o.
7
Let h(b) = b + 8. Let i(a) = 16*a + 293. What is the remainder when i(-18) is divided by h(-4)?
1
Suppose 0 = -2*m - 3*m + 320. Suppose 4*g = -5*x + 179, -5*x - 5*g + 101 = -79. Suppose 0 = -2*t + 69 - x. What is the remainder when m is divided by t?
13
Calculate the remainder when 18 is divided by (-11 - -1)/(4 - 6).
3
Let m = 1347 + -683. Suppose -36 - m = 5*n. Calculate the remainder when (n/16)/(1/(-4)) is divided by 12.
11
What is the remainder when 44 is divided by ((-4)/10)/((-12)/(3240/9))?
8
Suppose 5*t = 6 + 9, 5*t = -2*s - 81. Let a = s + 94. Suppose 0 = -3*n + 18 + 18. What is the remainder when a is divided by n?
10
Suppose 0 = -17*b - 36 + 852. Calculate the remainder when 90 is divided by 